7 and r?
7
Let b = 124 + -76. Let g be (2 - (-4)/(-2) - 5) + 53. What is the greatest common factor of b and g?
48
Let n(p) = 8*p**2 - 3*p - 3. Let b(z) = 319*z**2 - 121*z - 121. Let l(f) = -6*b(f) + 242*n(f). Let g be l(1). Calculate the greatest common factor of 99 and g.
11
Suppose 5*p = 24*a + 1262, 3*p - 708 = 75*a - 77*a. What is the greatest common factor of p and 434?
14
Suppose -17*c + 13*c = 20. Let s(t) = -2*t - 11. Let l be s(c). Let g = l - -14. Calculate the greatest common divisor of g and 13.
13
Let h(g) = 17*g**3 + 6*g**2 - 21*g + 12. Let r be h(2). What is the greatest common factor of r and 150?
10
Let u = 1472 - 1136. Calculate the greatest common divisor of u and 483.
21
Let g = -12 - 0. Let k be (-54)/(-4) + -3*(-2)/g. Let n(b) = 8*b**2 - 11. Let j be n(4). What is the greatest common factor of j and k?
13
Let g be (39/52)/(4/112). What is the highest common factor of g and 1316?
7
Let l(b) = -b**3 - 11*b**2 + 7*b - 15. Let d be l(-12). Suppose n = d + 16. Let k = n + -47. What is the greatest common factor of 28 and k?
14
Let o = 150 + -38. Let v(t) = -t - 8. Let c be v(-6). Let x(z) = 8*z**2 + 2*z. Let h be x(c). What is the highest common factor of o and h?
28
Suppose 13*v + 61152 = 27*v. Calculate the highest common factor of v and 91.
91
Suppose -63*f - 460 = -4*p - 67*f, 465 = 4*p + 3*f. Suppose -p = -31*w + w. What is the greatest common factor of w and 10?
2
Let r(d) = d**3 - 33*d**2 - 106*d + 68. Let l be r(36). What is the highest common divisor of 60 and l?
20
Let m(s) = -929*s**3 + 6*s**2 + 7*s + 2. Let f be m(-1). What is the highest common divisor of 2 and f?
2
Suppose -330 = 15*w + 13425. Let n = w + 1397. What is the highest common factor of 30 and n?
30
Suppose -49*t + 7*t - 703248 = 0. Let q be (3/(-4))/(46/t). What is the highest common factor of 63 and q?
21
Suppose -3*b + 4*n - 570 = 0, b - 5*b - 747 = -n. Let z = b - -286. Suppose -38*w + 2301 - 781 = 0. Calculate the greatest common divisor of z and w.
20
Suppose 4*b + 5*f = 1503, -5*b = -8*f + 3*f - 1935. What is the highest common factor of 2 and b?
2
Let j(h) = 21*h**2 - 7*h + 31526. Let d be j(0). Calculate the highest common factor of d and 22.
22
Let a = -63 + 65. Suppose 5*f = 3*x + a*x + 130, -4*x = 20. What is the highest common divisor of 357 and f?
21
Let l = -9751 - -9933. Calculate the greatest common divisor of 1904 and l.
14
Suppose 61 + 338 = k - 4593. Calculate the highest common factor of 78 and k.
78
Let n be (-187 - 0/3)*31/(-31). Calculate the greatest common factor of 275 and n.
11
Let f be (-42)/(-8)*(-1)/(-9)*24. Let w be (4 - 4)/(-4)*1. Suppose -6*s + 7*s - 14 = w. What is the greatest common divisor of s and f?
14
Suppose -c + 13 = 2*r - 2, -5*r - 4*c = -42. Let y be (-3 + r)*(6 + -3). Let u = -65 - -137. What is the highest common factor of u and y?
9
Let v = 16235 + -12938. What is the highest common factor of 42 and v?
21
Suppose -22*f + 31729 + 13313 = -107726. Calculate the highest common factor of f and 1120.
224
Suppose -3*y = -t - 431, -11*y + 723 = -6*y + 3*t. Calculate the highest common factor of y and 900.
36
Let q(a) = 3*a**3 + 18*a**2 - 14*a - 48. Let g be q(-6). Let j = 4 - 2. Let r be (14/(-35))/(j/(-20)). Calculate the highest common divisor of r and g.
4
Suppose -2*b + 119 - 25 = 0. Suppose 6*a = b - 5. Suppose 378 = 11*d - a. Calculate the highest common divisor of 28 and d.
7
Suppose -3*j + 5 = -49. Let h(b) be the second derivative of b**4/12 + b**3/3 - 9*b**2/2 + b + 5. Let m be h(7). What is the greatest common factor of j and m?
18
Suppose -q - d = -237, 16*q + 3*d = 19*q - 747. What is the greatest common divisor of q and 369?
9
Let p(f) = -4*f + 172. Let t be p(0). Suppose -9*m + t - 19 = 0. Let b = -249 + 402. Calculate the highest common divisor of b and m.
17
Let a be 195/260 + 45/4. Calculate the greatest common divisor of 732 and a.
12
Let p be (-3 + 3 - 1)/(2/(-322)). Suppose 3*j - 7*j = -3*q - p, -5*j - 2*q = -184. Let k = -17 + j. Calculate the highest common factor of k and 84.
21
Let b be 19 - (9 - (-1 - -6)). Suppose 0 = 4*c + j - 81, 3*j + 12 = b. Let d be (-25)/(-3) + 2/(-6). What is the greatest common factor of c and d?
4
Suppose -2*t = 3*q - 962, -5*q + 1806 + 589 = 5*t. Let a = t - 283. Calculate the highest common factor of 24 and a.
24
Let n be (-2)/6 + 24/((-1296)/(-266130)). Calculate the greatest common factor of n and 112.
112
Suppose 5*u + 20 = 0, 5*m = 4*u + u + 660. Suppose -122*r + m*r = 162. What is the greatest common divisor of r and 108?
27
Let o = -244 + 269. Let j = 86 + -76. What is the highest common divisor of o and j?
5
Suppose -44 = 3*w + r - 3*r, 4*w = 2*r - 62. Let g = 17 + w. Let i be g + 8/4 + 6. Calculate the greatest common factor of 49 and i.
7
Suppose v = -3*p - 1, -6 = -0*p + 3*p. Suppose v*i - i + 2 = 2*g, 0 = 3*i + 2*g - 16. What is the highest common factor of i and 26?
2
Suppose -24*g = -28*g + 28. Let k = g - -47. Suppose o = z + 4, -z = -o - 3*z + 10. Calculate the highest common divisor of o and k.
6
Let f = -28648 - -29668. Calculate the greatest common divisor of 816 and f.
204
Let n(d) = -89*d**3 + 2*d**2 - 134*d - 640. Let b be n(-5). What is the highest common factor of 135 and b?
135
Let w = 10470 - 10414. What is the greatest common divisor of w and 4956?
28
Suppose -23563 + 7659 = -142*a. Calculate the highest common divisor of 322 and a.
14
Suppose 5*g = -3*h + 100, -5*h + 0*g = 2*g - 154. Let b be (3 - 1)*(-4)/4*-1. Let t be 305 + (b - (1 - -6)). What is the greatest common divisor of t and h?
30
Suppose 0 = t + t - 602. What is the highest common factor of 1118 and t?
43
Let d(g) = 52*g**2 - 4*g - 4. Suppose -5*h - 4*m + 1 = 14, -h - 4*m = 9. Let j be d(h). Let u be 6/24 + 4574/8. What is the highest common factor of j and u?
52
Suppose -5 = 5*o - 105. Suppose -16*k = -26*k + o. What is the highest common divisor of 8 and k?
2
Let x be -26 - -48 - 42/(-3). Calculate the greatest common divisor of 624 and x.
12
Let m = -27886 - -27986. What is the highest common factor of m and 6380?
20
Let s be (0/(5 - 0))/(-1). Suppose 1092 = 13*c - s*c. What is the highest common factor of c and 36?
12
Let i(v) = -v**3 + 39*v**2 - 3*v + 129. Let g be i(39). Let z(s) = 3*s**3 - 6*s**2 + 4*s - 4. Let c be z(4). Calculate the highest common divisor of c and g.
12
Let l = 62 - 47. Let a(k) = -k**2 - 14*k + 4. Let t be a(-14). Suppose 24 = t*f - 16. What is the highest common divisor of l and f?
5
Let q = 26299 + -18665. Calculate the greatest common factor of q and 22.
22
Suppose 329 = m + 79. Suppose -m = 2*p - 360. What is the greatest common factor of 11 and p?
11
Let k be 4*(-7 - -6) - (-2 - -24). Let q be 10 - ((-6)/33 + k/(-22)). Calculate the greatest common divisor of 24 and q.
3
Suppose 57*p = -17*p + 2*p + 165240. Calculate the highest common divisor of p and 270.
135
Let d(s) = -100*s - 802. Let f be d(-10). Calculate the highest common divisor of f and 286.
22
Let b(o) be the third derivative of -o**4/3 - 86*o**3/3 - 6*o**2 + 10*o. Let q be b(-29). Calculate the greatest common divisor of 285 and q.
15
Let u be ((-2)/(-4))/((-2)/(-480)). Let v be 4 + (-13 - (9 - 6)). Let s be (-3003)/(-126) - 2/v. Calculate the highest common divisor of s and u.
24
Suppose 2*u + 4*x = 2 + 6, -4*u + 3*x = -16. Suppose 203 = 2*z - 9*z. Let o = 15 - z. What is the highest common factor of o and u?
4
Let x be 23 - 2 - 1 - 9. What is the highest common divisor of x and 5731?
11
Suppose 3 = 2*k - 3. Let q = 104 - 100. Let p be 35/(-3 - q) - -38. Calculate the highest common factor of k and p.
3
Suppose -4*b = 3*y + 2, -3*y - b = -0 - 4. Let t(l) = l - 3. Let a be t(y). Let p = 13 - a. Calculate the highest common divisor of 112 and p.
14
Suppose -26538 = -18*h - 25404. What is the greatest common divisor of h and 378?
63
Let i(u) = u**3 + 31*u**2 - 22*u - 13. Let f be i(-17). Calculate the greatest common factor of f and 39.
39
Let u = -30 - -96. Let s(l) = l**2 + 16*l + 30. Let t be s(-14). Let x be ((-66)/(-10))/(t/10). Calculate the greatest common factor of x and u.
33
Let t = 210 - 215. Let w be 6*64*(-7 - (t + -3)). Calculate the greatest common divisor of 24 and w.
24
Suppose -179 = d - 181. Let z be ((-820)/50)/(d/(-5)). Calculate the greatest common 